24 = j, 5*b = 3*d - 473. List the prime factors of d.
2, 83
Let b(k) be the third derivative of k**4/24 + 26*k**2. List the prime factors of b(6).
2, 3
Let l = 1315 + 196. List the prime factors of l.
1511
Suppose k + 4*f + 8 = -0*f, 0 = 4*f - 12. Let d = 129 - k. List the prime factors of d.
149
Suppose 4510 = -8*a + 25126. List the prime factors of a.
3, 859
Let q be -1 + (-4)/(-6) - 14415/(-45). Let u = -211 + q. List the prime factors of u.
109
Let n(z) = -16*z**2 - 54*z**3 - 48*z**3 - 15*z - 3 + 103*z**3. List the prime factors of n(17).
31
Let l be -34*4/(-24) + (-2)/3. Suppose -2*n = -10*g + 5*g + 237, 3*g = l*n + 146. List the prime factors of g.
47
Let z(c) = -c**3 - 12*c**2 - 12*c - 4. Let x be z(-8). Let k be (x/(-16))/((-2)/(-8)). Suppose -3*r + 1 = -k. List the prime factors of r.
2, 7
Let a(y) = -5*y - 1. Let f be a(2). Let n = f - -24. Let t = 21 - n. What are the prime factors of t?
2
Suppose 57 = 11*p + 156. Let t(h) = -19*h - 10. List the prime factors of t(p).
7, 23
Suppose -b - 16 = 2*t + 21, 38 = -2*b + 5*t. Let k = 218 + -120. Let g = b + k. List the prime factors of g.
3, 23
What are the prime factors of (238/10 - -1)/(12/90)?
2, 3, 31
Let r(d) = -243*d. List the prime factors of r(-4).
2, 3
Suppose -6696 + 20242 = 26*b. What are the prime factors of b?
521
Let n(k) = 2*k**2 + 2*k + 8. Let j = 49 - 57. List the prime factors of n(j).
2, 3, 5
Let c = -4 + 7. Let s be 2*-36 - (1 - c). What are the prime factors of ((-12)/(-20))/((-2)/s)?
3, 7
Suppose -4*z = -2*z - 880. What are the prime factors of z?
2, 5, 11
Let r(k) = 2*k + 19. Let p be (45/3)/((-3)/(-2)). List the prime factors of r(p).
3, 13
Suppose 1852 - 619 = 3*h. What are the prime factors of h?
3, 137
Let p = 1773 - 1178. List the prime factors of p.
5, 7, 17
List the prime factors of (19*9)/((-9)/(-6)).
2, 3, 19
Let y be (-1)/(-3) + 404/(-6). Suppose 30*u + 470 + 460 = 0. Let j = u - y. List the prime factors of j.
2, 3
Let q(z) = z**2 + 12*z + 2. Let t be q(-12). Suppose 4*b - 661 = -b - 3*w, 262 = 2*b + t*w. List the prime factors of b.
2, 67
Suppose -3*p - t = -3*t - 2, -3*p = -3*t + 3. Let q(g) = -8*g + 2. Let n be q(p). Let w = 64 + n. List the prime factors of w.
2, 17
Suppose -4*a = 5*l - 5368, -2*a - 1088 = -l + 2*a. What are the prime factors of l?
2, 269
Let i(r) = 3*r**2 + 11*r - 12. Let v be (-3 - -1)*(-63)/(-14). Let d be i(v). Suppose -5*l - 3*a + 286 = 56, -3*a = 3*l - d. List the prime factors of l.
7
Let l be 1570/5 + (-2 - -6). Suppose -5*m + 261 = 5*d - 54, 5*m = -2*d + l. What are the prime factors of m?
2
Suppose -t - 3*s - 2 = 0, 2*s - 5 = -2*t - 1. Suppose -t*h + 27 = -25. List the prime factors of h.
13
Let h(w) = -w**2 + w + 2. Let x be h(0). Suppose -4*t + 42 = x*d, -132 = -4*d - t + 5*t. List the prime factors of d.
29
Suppose 0 = -2*u + 3*a + 3, -3*u - u + 5*a = -7. Suppose u*n - 189 = -72. What are the prime factors of n?
3, 13
What are the prime factors of (-43)/(-3*1/12)?
2, 43
Let w(d) = -2*d**3 + 13*d**2 + 5*d + 1. Let h be w(6). Suppose 104 = x + h. What are the prime factors of x?
37
Let c = 8 - 6. Suppose -5*f - 44 = -c*u, 8*f - 118 = -4*u + 3*f. What are the prime factors of u?
3
Let j(y) = -7*y + 17. Let d be j(6). Let n = d + 52. List the prime factors of n.
3
Let d = 254 - 149. Let o = d + 16. List the prime factors of o.
11
Let v(s) = 4*s**3 + 9*s**2 + 8*s + 3. Let g(l) = 9*l**3 + 18*l**2 + 16*l + 5. Let p(z) = -3*g(z) + 7*v(z). What are the prime factors of p(-6)?
2, 3, 11
List the prime factors of -4 - 4 - -7 - -1*252.
251
Let y = 877 - 765. What are the prime factors of y?
2, 7
Let o(s) = s**3 - 6*s**2 + 7*s - 7. Let n be o(5). Suppose 2*d - 14 = -n*h + 25, -5*h - 135 = -5*d. What are the prime factors of d?
2, 3
Let g be (-220)/(-6) - 22/33. Suppose 6*m = m + 15. List the prime factors of ((-1)/m)/((-4)/g).
3
Suppose -g + 5841 = 8*g. List the prime factors of g.
11, 59
Let d(a) = a**2 + 7*a - 19. Let q be d(-13). Suppose 4*m + 5*l = 788, 3*m - 4*l - 563 = q. What are the prime factors of m?
2, 101
List the prime factors of (-6)/4*(-46320)/90.
2, 193
Suppose -5*x - 5*l - 6 = 4, 0 = 5*x + 3*l. Suppose -x*j = -10*j + 910. What are the prime factors of j?
2, 5, 13
Let y = -39 + 72. Let h = 93 - y. Suppose k - h = -3*k. What are the prime factors of k?
3, 5
Let i = 81 - 90. List the prime factors of (i/(-15))/(2/340).
2, 3, 17
Let l be (4 - 15/(-4))*-4. What are the prime factors of -4 + 3 - 1*l?
2, 3, 5
Let g(x) = x**2 + 10*x + 11. Let y be g(-9). Let o be (2 + y)*8/16. Let p(q) = 3*q + 5. What are the prime factors of p(o)?
11
Let m(p) be the first derivative of p**2/2 + 20*p + 8. Let c be m(10). Let w = -24 + c. What are the prime factors of w?
2, 3
Suppose -4*n - 1374 = -2*p, 5*p + n - 2061 = 2*p. List the prime factors of p.
3, 229
Let c(u) = -u**3 - 681*u + u**2 + 341*u + 327*u - 33. List the prime factors of c(-5).
2, 7, 13
Suppose 0 = -w, 5*h - 24*w + 23*w - 5100 = 0. What are the prime factors of h?
2, 3, 5, 17
Let m be 1*-2 - (13 - -40). What are the prime factors of (-3)/(-6)*6 - m?
2, 29
Suppose -117*t + 1144 = -116*t. What are the prime factors of t?
2, 11, 13
Let w(n) = 3*n**3 - 10*n**2 - 5*n + 8. What are the prime factors of w(6)?
2, 7, 19
What are the prime factors of (-154)/(-4)*(-22 - -32)?
5, 7, 11
Let r = 26 + -21. Suppose r*b - 15 = -0. Suppose 3*w + 3*u - 106 = w, 3*u = b*w - 129. List the prime factors of w.
47
Let i = -24 + 24. Suppose i = 6*s - 23 - 421. List the prime factors of s.
2, 37
Let x = 3936 + -2699. What are the prime factors of x?
1237
Suppose -3*u + z + 64 = -3*z, 2*z = -5*u + 98. Suppose d + u = 5*d. Suppose -133 = -5*r - 4*x, -d*r + 4*x = -77 - 80. What are the prime factors of r?
29
Let b(c) = c**3 + 8*c**2 - 16*c + 2. List the prime factors of b(-7).
163
Let d = 30 - 43. What are the prime factors of (-70)/(-1) + (d - -12)?
3, 23
Suppose -4524 = -16*w + 3*w. List the prime factors of w.
2, 3, 29
Let p = -423 - -67. Let u = p - -535. List the prime factors of u.
179
Let s be 5/4*4 - -3. Suppose -s*m + 0 = -32. What are the prime factors of m?
2
Suppose 6597 = 4*p + 5*u, -8*u = -2*p - 3*u + 3291. List the prime factors of p.
2, 103
List the prime factors of (33/22)/(12/6056).
757
Let b be (-36)/(-5)*(-12 - -7). Let g be (45/b)/(1/(-104)). Suppose 7*j = 361 - g. What are the prime factors of j?
3, 11
Suppose 31*h + 28 = 24*h. List the prime factors of (h - (-220 + -3)) + (-6)/3.
7, 31
Let o(k) = k**3 - 6*k**2 + 3*k + 12. Let b be o(5). Suppose -2*l + 3*l - z - 134 = 0, -5*z - 268 = -b*l. List the prime factors of l.
2, 67
Let r(g) = -g**3 - 4*g**2 + 13. Suppose -l + w = 7, -5*w = -5*l + 4*l - 11. List the prime factors of r(l).
5, 17
Suppose 0 = -61*y + 118*y - 163419. What are the prime factors of y?
47, 61
Let r(n) = -4527*n**3 + n**2 + 4*n + 3. What are the prime factors of r(-1)?
3, 503
Let k(z) = -8*z + 119. What are the prime factors of k(8)?
5, 11
Let m(g) be the second derivative of g**5/20 + g**4/2 - 2*g**3/3 - 7*g**2/2 + 14*g. What are the prime factors of m(5)?
2, 31
Let r(b) = 2*b + 7. Let c be r(-7). Let n(i) = -7*i - 4. List the prime factors of n(c).
3, 5
Let g(v) = -1090*v + 113. What are the prime factors of g(-4)?
3, 7, 71
Let o = -5998 - -9587. List the prime factors of o.
37, 97
Let q(p) = 2*p**2 + 4*p - 16. Suppose 5*w + 35 = 3*a + 2, 3*a - 27 = 3*w. List the prime factors of q(a).
2, 5
Suppose -51 = -28*n + 25*n. Suppose 55 - n = g. List the prime factors of g.
2, 19
Let u(z) = 5*z**2 + 3*z + 5. Let o be u(5). Suppose f - o = -4*f. Let s = f + -17. List the prime factors of s.
2, 3
Let h be -1 - (10/(-2) - -2). What are the prime factors of (6/h)/(9/84)?
2, 7
Let m = 16 - 14. Suppose -m*q + 57 = 3*u - 29, -3*u + 98 = -4*q. What are the prime factors of u?
2, 3, 5
Let b = -2084 - -3874. What are the prime factors of b/26 + 9/(468/8)?
3, 23
Let n(x) = 37*x**2 + 11*x + 53. List the prime factors of n(8).
13, 193
Let q = -16 - -108. Let j = -36 + q. What are the prime factors of j?
2, 7
Let z be -5*3*24/20. Let u = z - -29. Suppose 5*h = -f + 22 + u, 29 = 3*f + h. What are the prime factors of f?
2
Let f(v) = -v**3 + 6*v**2 - v - 8. Let d be f(6). Let l = d - -13. What are the prime factors of (((-148)/2)/2)/l?
37
Suppose 3*g + b = -2*b, -5*b = -5*g - 30. List 